 4/(-10) - (-984)/10. Let a = b + -63. What is the greatest common factor of g and a?
7
Let h(b) = -b**2 + 5*b + 3. Let n be h(5). Suppose 5*t + 47 = n*y, -y = -0*t + 4*t + 7. Let i be 326/6 - (-6)/y. What is the highest common factor of i and 11?
11
Let n = -2 - -6. Let v be 1 - 3 - (-8)/n. Suppose 75 = -v*r + 3*r. What is the greatest common divisor of r and 10?
5
Suppose 0*h = 2*h - 2*i - 14, h = 5*i + 23. Calculate the greatest common factor of h and 3.
3
Suppose 2*r - 16 = -2*h - 0*r, 49 = 3*h - 2*r. Let n(a) = -3 + 6*a + 12*a - 1. Let g be n(6). Calculate the greatest common factor of g and h.
13
Suppose 5*d - d = -4*o + 4, -3*d = -3*o - 33. Calculate the greatest common divisor of d and 30.
6
Let v = 3 + 2. Suppose 3*m + 3*w = 273, 2*w = -v*m - 2*w + 452. What is the greatest common factor of m and 11?
11
Suppose 0 = 32*f - 35*f + 690. What is the greatest common factor of f and 46?
46
Suppose -32 = 2*g - 3*g. Let n be (9 + -6)/(3/(-8)). Let m(d) = -d**3 - 8*d**2 - 9*d + 8. Let c be m(n). What is the highest common divisor of c and g?
16
Suppose -5*h - 26 = -2*u, 6*u - 42 = u + h. Let p = -171 + 243. Calculate the highest common factor of p and u.
8
Suppose 10*v - 110 = 5*v. Calculate the highest common factor of 2 and v.
2
Let l be (-2)/(2*(-3)/9). Let u = -3 + l. Let i = u + 3. What is the greatest common factor of i and 12?
3
Suppose -4*u + 427 = -273. Let w = -119 + u. What is the highest common divisor of w and 7?
7
Suppose 9 = -3*y - 9. Let g(j) = -14*j - 7. Let p be g(y). Let x = 17 - 6. Calculate the greatest common divisor of x and p.
11
Let t = 18 + 21. What is the highest common divisor of 156 and t?
39
Let a(c) be the third derivative of c**5/30 - 5*c**4/12 - c**3/2 - 6*c**2. Let b be a(7). Calculate the highest common factor of 125 and b.
25
Let d = 6 - 10. Let q(i) = 3*i**2 + 2*i. Let u be q(d). What is the highest common factor of 8 and u?
8
Suppose 16 = 3*o - o. Suppose 0*m - o = -m. Calculate the greatest common divisor of 64 and m.
8
Suppose 0 = 5*y - 83 - 42. Let u = 37 - y. Calculate the highest common divisor of u and 96.
12
Let g(t) = t + 28. Let z be g(-17). What is the highest common divisor of 88 and z?
11
Suppose 3*q - 7 = -2*s + 1, 0 = 3*s + q - 26. Suppose 35 = -3*h - 1. Let r = h - -32. Calculate the greatest common divisor of r and s.
10
Let q be ((-3)/1 - 0)*-1. What is the greatest common divisor of q and 2?
1
Let z(v) = -v**3 - 8*v**2 - 9*v + 10. Suppose -a - a = 3*y + 29, 2*a = y - 9. Let o be z(a). Calculate the greatest common factor of 8 and o.
8
Suppose -k = k - 16. Let d(r) = -r - 3. Let z be d(-5). What is the greatest common divisor of k and z?
2
Let w be 4/(-8) + (-54)/4. Let t = 20 + w. What is the greatest common factor of 18 and t?
6
Let f be (-3 - 25/(-10)) + (-1)/2. Suppose 2*h = -0*h - 4. Let b = f - h. What is the highest common factor of b and 4?
1
Let d(j) = -j + 1. Let p(i) be the first derivative of -i**4/4 + i**3/3 - 6*i + 1. Let u be p(0). Let m be d(u). What is the highest common factor of m and 77?
7
Let m = -7 - -35. Let t(h) = 0*h**3 + 7*h**3 + h**3 + 5*h**2 - 3*h - 2*h**2. Let y be t(2). What is the highest common divisor of m and y?
14
Let p(o) = 9*o**2 + 5*o - 6. Let s be p(3). What is the greatest common factor of 36 and s?
18
Suppose -o = -5*h - 5*o, 0 = h + o. Let z(b) = -b**3 + b**2 + b + 40. Let m be z(h). Calculate the greatest common divisor of 16 and m.
8
Suppose -28 = n - z, -4*n + 82 = 3*z + 215. Let o = -9 - n. Calculate the highest common divisor of 11 and o.
11
Suppose 37 = p + 3*v, -101 = -4*p + v + 73. Let i = p - 25. What is the greatest common divisor of i and 72?
18
Let g(j) = -j**2 + 2*j**2 - 3*j - 2*j**2 + 4. Let m be g(-4). Suppose m = 4*p - 3*p - 10. What is the greatest common factor of p and 10?
10
Suppose 5*y + 3*w = 10 + 158, -3*w + 96 = 3*y. Calculate the greatest common factor of 108 and y.
36
Suppose -2*y = 3*p + 2, -2*p + 8 = y - 5*p. Calculate the greatest common divisor of y and 26.
2
Suppose -55 = 4*t - 335. What is the highest common divisor of 10 and t?
10
Let q be -1 + ((-3)/(-21) - 246/(-42)). Calculate the highest common divisor of 20 and q.
5
Suppose -3*k + 249 = 4*o - 2*k, -4*o + 243 = 3*k. Calculate the highest common factor of 18 and o.
9
Let i be (-1)/(-5) - 188/(-10). Calculate the highest common factor of 95 and i.
19
Let a(m) = -m**2 - 19*m + 14. Let w be a(-10). What is the greatest common factor of w and 13?
13
Suppose 2*l = 2*c - 6*c + 20, l - 2*c + 2 = 0. Let o be (-108)/(-14) + (-2)/(-7). What is the highest common factor of l and o?
4
Let y(d) = 3*d**2 + 2*d + 3. Let i be y(3). What is the greatest common factor of 90 and i?
18
Let f be (-1)/((-5)/2)*-5. Let u be ((-6)/10)/(f/10). Suppose -d + 12 = -o, 5*d + 16 = -4*o + 103. What is the greatest common factor of u and d?
3
Suppose -a - 1 - 2 = 0. Let z(j) = -5*j + 0*j**2 + 4*j**2 + 3 - 5*j**2. Let f be z(a). Calculate the greatest common factor of f and 6.
3
Let t(x) = -11*x**3 + x**2 + 2*x + 1. Let j = -3 - -2. Let a be t(j). Suppose -3*z + 89 = q, q + 2*q - 3*z = 219. What is the greatest common factor of q and a?
11
Let v be (20/8)/((-4)/8). Let i(q) = -3*q - 11. Let m be i(v). Calculate the highest common divisor of m and 4.
4
Let q = 14 + -9. Suppose -119 = -q*p - 2*a, -4*p + 0*a + 91 = 3*a. What is the highest common factor of 5 and p?
5
Let f be ((-2)/(-4))/((-1)/(-8)). Let g(s) = -s**2 + 12*s - 8. Let o be g(11). Let j = o + 9. What is the greatest common divisor of j and f?
4
Suppose 0 = 3*f + 25 - 82. Suppose -6 = -5*x + f. What is the highest common factor of 45 and x?
5
Suppose 0 = 2*a + 162 - 498. Calculate the highest common divisor of a and 24.
24
Let w(r) = r**2 - 9. Let j be w(-5). Let u = 8 - 6. Calculate the highest common divisor of u and j.
2
Let t be 6/12 - (-14)/4. Suppose -q - q + 64 = 0. Calculate the greatest common factor of t and q.
4
Suppose 0 = 3*w + 12, 3*r - w - 4 - 3 = 0. Calculate the greatest common divisor of r and 2.
1
Suppose m = 2*m - 62. Let i be m/4 + 6/(-4). Let v = -101 + 157. What is the highest common divisor of i and v?
14
Let b = 9 + 17. What is the greatest common factor of 286 and b?
26
Let g be -1*91 + 0 + 3. Let d = -10 - g. Let k be (2/(-2))/((-2)/26). Calculate the greatest common factor of d and k.
13
Let x be (-1980)/(-70) - (-4)/42*-3. What is the highest common divisor of 42 and x?
14
Let t be 10/4*(7 - 1). What is the greatest common divisor of 30 and t?
15
Let o = -1 - -9. Let h = o + -3. Calculate the greatest common factor of h and 35.
5
Suppose 5*s - 4 = s. Let b = 21 + s. What is the highest common divisor of b and 176?
22
Suppose 6*r - 281 = 439. Calculate the highest common factor of r and 24.
24
Suppose 0 = 2*y - 4*y + 484. Calculate the greatest common divisor of y and 22.
22
Suppose -13*f + 11*f + 72 = 0. Suppose 4*k - 22 = -2*i, i = 4*i + 3*k - 30. Calculate the greatest common factor of i and f.
9
Let o = 5 + -1. Let i = 6 - o. Suppose 2*b = u - 30, -i*b = -2*u + 38 + 14. What is the highest common factor of 11 and u?
11
Suppose -5*c + 39 + 1 = 0. Let r = -13 - -15. Calculate the highest common divisor of r and c.
2
Let w = 229 - 61. Suppose g + 50 = 2*g - y, 4*g = -4*y + w. Calculate the greatest common factor of g and 69.
23
Let v = 9 - 6. Let o be (-58)/(-2) + -2 + v. Suppose d + 4*d = o. Calculate the greatest common factor of d and 6.
6
Let a be 5/10*1*(4 - 2). Calculate the highest common factor of 2 and a.
1
Let r(m) = m**2 - 12. Let s be r(-10). Calculate the highest common factor of 8 and s.
8
Suppose d = -d - 4. Let g be ((-168)/(-10))/(d/(-10)). What is the greatest common factor of 21 and g?
21
Suppose -k = -4*k + 84. Calculate the greatest common divisor of 28 and k.
28
Let f be ((-15)/(-12) + -1)/(5/140). What is the greatest common divisor of f and 7?
7
Let q = -32 + 57. What is the highest common factor of q and 10?
5
Let t(f) = f**2 - 10*f - 2. Let l be t(11). Let g(k) = k - 4. Let h be g(13). What is the highest common factor of h and l?
9
Let y(f) = 2*f - 2. Let h be y(8). Suppose -5*t - 3*u + 7 = 23, h = -5*t - 2*u. Let i be (3 + (-9)/t)*2. Calculate the highest common divisor of 60 and i.
15
Let r(i) = i**2 + i - 1. Let q be r(-3). Let n be 2*q + (1 - 1). Let h be (-1)/(-4) + (-99